{"id":96,"date":"2017-03-12T00:30:55","date_gmt":"2017-03-12T00:30:55","guid":{"rendered":"http:\/\/toolandvirtual.de\/?page_id=96"},"modified":"2024-01-14T17:33:15","modified_gmt":"2024-01-14T16:33:15","slug":"schatten","status":"publish","type":"page","link":"https:\/\/toolandvirtual.de\/index.php\/schatten\/","title":{"rendered":"schatten"},"content":{"rendered":"<p>Die Software s<em>chatten<\/em>&nbsp;hilft bei der Aufbauplanung von&nbsp;Solargeneratoren, wenn auf der Fl\u00e4che mit Teilverschattungen zu rechnen ist. Photovoltaik-Anlagen haben die unangenehme Eigenschafte, dass bei ung\u00fcnstiger Verschaltung der Generatormodule kleine Schattenbereiche zu gro\u00dfen Ertragsausf\u00e4llen f\u00fchren.<\/p>\n<p>Die Software zeigt eindrucksvoll, wie&nbsp;entscheidend ein ergonomisches user interface f\u00fcr die Nutzbarkeit einer Software ist. S<em>chatten&nbsp;<\/em>dient&nbsp;lediglich als&nbsp;Ein- und Ausgabemodul f\u00fcr die Software &#8222;<a href=\"https:\/\/publica.fraunhofer.de\/documents\/N-162230.html\" target=\"_blank\" rel=\"noopener noreferrer\">PVcad<\/a>&#8222;, die 1998 am Hessischen Solarinstitut ISET f\u00fcr die Planung von PV-Fassade entwickelt wurde. S<em>chatten&nbsp;<\/em>erm\u00f6glicht die Modellierung des Daches bzw.&nbsp;der Freifl\u00e4che mit&nbsp;einer einfachen textuellen Beschreibung und unter Verwendung weniger&nbsp;im Feld zu messenden oder von Geb\u00e4udepl\u00e4nen abzulesenden Daten. In der Bildschirm-Simulation kann man dann das Dach bzw. Gel\u00e4nde frei bewegen oder&nbsp;mit der&nbsp;Funktion &#8222;Ritt auf der Sonne&#8220; den Schattenverlauf \u00fcber den Tages- oder&nbsp;Jahresgang darstellen. Gegen\u00fcber der&nbsp;h\u00e4ufig verwendeten&nbsp;Schattenwurfdarstellung zeigt &#8222;Ritt auf der Sonne&#8220; sofort, durch was der Schatten hervorgerufen wird. Diverse andere Features erm\u00f6glichen eine effiziente Planung des Generators. Nach der Modellierung&nbsp;werden die Daten dem externen Programm PVcad \u00fcbergeben, das eine Simulation \u00fcber das Jahr im Stundenraster vornimmt. Die Ergebnisse werden nach s<em>chatten&nbsp;<\/em>zur\u00fcckgespielt und das Ergebnis kann mit den gleichen Werkzeugen,&nbsp;die auch&nbsp;beim Entwurf zum Einsatz kamen, untersucht werden. Anhand der modulgenauen Darstellung der Energieertr\u00e4ge kann schnell entschieden werden, auf welche Teile des Generators besser verzichtet werden sollte.<\/p>\n<p>Das Programm wurde im Jahr 2002 in der objektorientierten Programmiersprache&nbsp;<a href=\"https:\/\/de.wikipedia.org\/wiki\/Smalltalk_(Programmiersprache)\">Smalltalk 80<\/a> unter Verwendung des Frameworks &#8222;Jun&#8220; implementiert.<\/p>\n<p style=\"text-align: center;\"><em><a href=\"https:\/\/toolandvirtual.de\/index.php\/bundstift\/\">\u2190vorige<\/a>&nbsp;&nbsp; &nbsp; &nbsp; &nbsp; &nbsp; &nbsp; &nbsp; &nbsp;&nbsp;<a href=\"https:\/\/toolandvirtual.de\/index.php\/nutzes\/\">n\u00e4chste\u2192<\/a><\/em><\/p>\n","protected":false},"excerpt":{"rendered":"<p>Die Software schatten&nbsp;hilft bei der Aufbauplanung von&nbsp;Solargeneratoren, wenn auf der Fl\u00e4che mit Teilverschattungen zu rechnen ist. Photovoltaik-Anlagen haben die unangenehme Eigenschafte, dass bei ung\u00fcnstiger Verschaltung der Generatormodule kleine Schattenbereiche zu gro\u00dfen Ertragsausf\u00e4llen f\u00fchren. Die Software zeigt eindrucksvoll, wie&nbsp;entscheidend ein ergonomisches user interface f\u00fcr die Nutzbarkeit einer Software ist. Schatten&nbsp;dient&nbsp;lediglich als&nbsp;Ein- und Ausgabemodul f\u00fcr die Software &hellip; <a href=\"https:\/\/toolandvirtual.de\/index.php\/schatten\/\" class=\"more-link\"><span class=\"screen-reader-text\">schatten<\/span> weiterlesen<\/a><\/p>\n","protected":false},"author":1,"featured_media":345,"parent":0,"menu_order":0,"comment_status":"closed","ping_status":"closed","template":"full-width-page.php","meta":{"ngg_post_thumbnail":0},"_links":{"self":[{"href":"https:\/\/toolandvirtual.de\/index.php\/wp-json\/wp\/v2\/pages\/96"}],"collection":[{"href":"https:\/\/toolandvirtual.de\/index.php\/wp-json\/wp\/v2\/pages"}],"about":[{"href":"https:\/\/toolandvirtual.de\/index.php\/wp-json\/wp\/v2\/types\/page"}],"author":[{"embeddable":true,"href":"https:\/\/toolandvirtual.de\/index.php\/wp-json\/wp\/v2\/users\/1"}],"replies":[{"embeddable":true,"href":"https:\/\/toolandvirtual.de\/index.php\/wp-json\/wp\/v2\/comments?post=96"}],"version-history":[{"count":18,"href":"https:\/\/toolandvirtual.de\/index.php\/wp-json\/wp\/v2\/pages\/96\/revisions"}],"predecessor-version":[{"id":526,"href":"https:\/\/toolandvirtual.de\/index.php\/wp-json\/wp\/v2\/pages\/96\/revisions\/526"}],"wp:featuredmedia":[{"embeddable":true,"href":"https:\/\/toolandvirtual.de\/index.php\/wp-json\/wp\/v2\/media\/345"}],"wp:attachment":[{"href":"https:\/\/toolandvirtual.de\/index.php\/wp-json\/wp\/v2\/media?parent=96"}],"curies":[{"name":"wp","href":"https:\/\/api.w.org\/{rel}","templated":true}]}}